h + w*v = 8*h + 367. What is the units digit of h?
5
Let b(c) = 2529*c**2 - 2*c + 1. What is the hundreds digit of b(-1)?
5
Let x = -8 - -12. Let c be 1 + -4 + 4 + x. Suppose 11 + 2 = 5*k - 3*m, 20 = c*m. What is the units digit of k?
5
Let o(h) = 181*h**2 - 547*h + 63. What is the units digit of o(19)?
1
Let k(d) = 113*d**2 + 274*d - 5. What is the hundreds digit of k(-26)?
2
Suppose r + 3*r = -28. Let h(z) = -z**3 - 6*z**2 + 7*z + 4. Let v be h(r). What is the tens digit of -12*(1 - v - 1)?
4
Suppose -5*j + 71 + 29 = -5*p, 4*j - 72 = 2*p. Suppose 14*u + 10 = j*u. Suppose -27 = -k - u*z, 4*k + 4*z = 6*z + 174. What is the units digit of k?
2
What is the ten thousands digit of -6*793780/(-78) + -1*(0 - -1)?
6
Let s be (30 - 32) + (-3)/((-6)/10). Suppose -4*x + 26 = -4*o + 5*o, 4*o = s*x + 66. What is the tens digit of o?
1
Let u = -4299 + 6788. What is the thousands digit of u?
2
Let n(h) = -h**2 - 19*h - 79. Let x be n(-12). Let u(q) = 4*q**3 + 21*q + 11. What is the units digit of u(x)?
6
Let i = 65 - 63. Suppose i*b - 8 = -2*u, 13 = -3*b + 5*u + 1. Let j = 113 + b. What is the hundreds digit of j?
1
Let z = 55 - 125. Let v = z - -326. Let f = 369 - v. What is the units digit of f?
3
Let d = -275 - -360. What is the tens digit of -18*(-7)/21 + d?
9
Let z(s) = 2*s**3 + 91*s**2 - 57*s - 1438. What is the hundreds digit of z(-41)?
0
Suppose 31*f - 176736 = -45*f + 64*f. What is the units digit of f?
8
Suppose r - 102 = -0*r. Let m = -95 + r. Suppose -m*a + 10*a - 327 = 0. What is the tens digit of a?
0
Let j = -10 - -1. Let x(s) = -s - 7. Let l be x(j). What is the tens digit of -2*l/1 - -23?
1
Let h be (14/56)/((-1)/(-740)). What is the hundreds digit of (-5 + h/35)*574?
1
Suppose -1623 = -3*u + 3348. Suppose -5*i - l + u = 2*l, -4*i = 2*l - 1326. What is the tens digit of i?
3
Let n(l) = -172*l**2 + 8*l - 7 + 191*l**2 - l**3 + 0*l**3. Suppose 2*s - 19 = 19. What is the hundreds digit of n(s)?
1
Let j = 53 + -50. Suppose 3*x - 3*a - 2*a = 2, j*x = -a - 22. What is the units digit of (-14 - 1)/(x/14)?
5
Let q be -2*(-1422)/12 - -3. Let y = 31 + q. What is the hundreds digit of y?
2
Let d = 1662 + -1657. Let u = 5 + -3. Suppose u*s + d*q - 22 = 3, 3*s = -4*q + 27. What is the units digit of s?
5
Suppose 0 = 4*h - 4*q, -2*q - q = -2*h + 1. Suppose 3*k + 7 = 2*d, -3*d = -0*d + 2*k + 9. What is the units digit of (d + h + 3)*85?
5
What is the thousands digit of -3 + ((-8)/(-20) + -2)*(-791910)/36?
5
Suppose 4*j + j - 2*z - 7 = 0, -3*j + 4*z - 7 = 0. Let a(l) = 368*l - 2. What is the tens digit of a(j)?
0
Suppose -5*k = 15 - 25, -4*k = -4*t + 16528. What is the units digit of t?
4
Suppose -2*m + 4420 = 2*q, -32*q - 5*m - 4385 = -34*q. Let a = q + -1458. What is the tens digit of a?
4
Suppose -39*f - 61*f = -324341 - 130659. What is the tens digit of f?
5
Let c(m) be the first derivative of 44*m**3/3 - 12*m + 152. What is the units digit of c(-4)?
2
Let w = 115 - 192. Let k = 89 + w. Let x = k + 115. What is the tens digit of x?
2
Suppose 0 = 53*y + 83*y - 463216. What is the hundreds digit of y?
4
Suppose 3*f + 9 = 3*a, 1 = -f + 5*a - 22. Suppose o - 2*y - 56 = -o, 35 = f*o + 5*y. What is the units digit of (8*o/(-6))/((-1)/3)?
0
Suppose -n + 20 = -5*v, -4*v + 3*v = 3. Suppose 769 = n*o - 1321. What is the units digit of o?
8
Suppose u - 7057 = -2*w, -20 = 5*u + 5. What is the units digit of w?
1
Let f(k) = 7530*k + 2286. What is the units digit of f(2)?
6
Let u be 0*2/4*1. Suppose 4*k - 2554 = 2*h, -4*k + h + 2*h + 2557 = u. What is the tens digit of k?
3
Let q = 133 + -125. Suppose -q*z = -760 - 3832. What is the units digit of z?
4
Let g = 18576 + -11841. What is the thousands digit of g?
6
Suppose 0 = -2*v + 7*v - 25. Let x be 0 + -2 - (-2 - v). Suppose -2*z + 3 = z - 3*f, 0 = -2*z + x*f - 1. What is the units digit of z?
2
Let u = 33977 + -12360. What is the hundreds digit of u?
6
Let y = -537 + 401. What is the units digit of (-215900)/y + 1 + (-1)/(-2)?
9
Suppose 93*w + 2*q + 7626 = 95*w, -4*q + 7590 = 2*w. What is the hundreds digit of w?
8
Let f(h) = 13*h - 38*h + 90 + 4*h. What is the units digit of f(-9)?
9
Let o be (-12)/(12 + -13 - (-2)/(-4)). Suppose o = 19*l - 23*l. What is the units digit of 726/12 + 1/l?
0
Let w be (-4)/22 - 399/(-77). Suppose -10 = -2*v - 0*t - t, 0 = -5*v - w*t + 15. What is the units digit of v?
7
Let z(d) = 1371*d - 3531. What is the units digit of z(16)?
5
Suppose -45*t = 798857 - 2832542. What is the thousands digit of t?
5
Let t(f) = 3*f**3 - 2*f**2 - f + 5. Let i be t(-3). Let b = 620 + -439. Let z = b + i. What is the tens digit of z?
9
Suppose 5*v = -5*p + v + 156, 0 = p - 5*v - 8. Let o be (-14)/p - 22/4. What is the units digit of 1808/36 - o/(-27)?
0
Let i(s) = -1 + 12*s**3 - 25*s**3 + 8*s**2 - 9*s + 5*s**3 - 3*s**2. Let p be i(-6). Suppose 0 = -6*v - 425 + p. What is the units digit of v?
6
Suppose -5*h - 14 = -9. What is the units digit of (-436)/h*(-65)/(-52)?
5
Suppose 5*x + 14 = -5*u + 3*u, -2*u + 3*x = -18. Let m(z) = 41*z + 25. What is the hundreds digit of m(u)?
1
Suppose -2 = -4*i + 8*y - 6*y, -4*i = 3*y - 27. Suppose -i*x + 278 = -1489. What is the tens digit of x?
8
Let f(q) = -q**3 + 47. Suppose -t + 5*t - 4*r - 4 = 0, -5*t - 1 = r. Let p be f(t). Suppose -p - 37 = -2*n. What is the units digit of n?
2
Let i be (-44)/(-6) + -1*(-2)/(-6). Suppose -i*s = -s - 90. Suppose -2*c = -47 - s. What is the units digit of c?
1
Let z(g) = g**3 + 10*g**2 + 11*g + 25. Let p be z(-9). Let a(s) = 114*s + 13. What is the hundreds digit of a(p)?
8
Suppose -8 = -8*g + 6*g + 2*i, 0 = -4*i. What is the thousands digit of (-14)/(2790/699 - g)?
1
Let t(w) = -w**3 - 3*w**2 - 3*w. Let z be t(-2). Let n = 65 - 63. Suppose n*h - 2*g = 6*h + 2, -5*h - z*g - 1 = 0. What is the units digit of h?
1
Let c(h) = -3*h**2 - 15*h + 4. Suppose -4*g - 21 = -3*o + 11, -3*g + 5*o - 35 = 0. Let f be c(g). Suppose -f*r - 6*r = -1130. What is the tens digit of r?
1
Suppose 0 = -16*f + 2*f + 45613 + 38247. What is the units digit of f?
0
Suppose 9*b - 14*b - 98412 = -334197. What is the thousands digit of b?
7
Suppose -17*u = -37*u + 118020. What is the units digit of u?
1
Let k be 11/4 + 4/16. Let h(o) = -o**3 - 14*o**2 + o - 22. Let x be h(-15). Suppose 2*z = 3*b - x + 61, 2*b + k*z - 102 = 0. What is the tens digit of b?
4
What is the tens digit of (-90 + 134)/(8/1754)?
4
Let m(k) = -25 - 4*k + 13*k - 44 + 8*k. What is the tens digit of m(15)?
8
Let u(l) = -l + 2*l + 21*l**2 + 2*l + l. Let n be u(4). Suppose -n = -4*i - 4*t, -t = -2*i - 0*i + 161. What is the units digit of i?
3
Suppose 51*q - 104*q + 44096 = 0. What is the units digit of q?
2
Suppose p + 2*g + 53 = 2*p, 0 = 5*g - 25. Suppose -4*f + 15 = p. Let t(u) = u**2 - u - 24. What is the units digit of t(f)?
2
Let s(p) = -p**3 - 41*p**2 + 51*p + 130. What is the units digit of s(-46)?
4
Let y be (10 + 0)*(-5 + 27/5). Suppose 2*p - 1484 = -y*u, 0 = 2*u - u + 3*p - 381. What is the units digit of u?
9
Let i = -126 - -192. Let c = i - 136. Let u = 16 - c. What is the units digit of u?
6
Let p = -46026 - -76847. What is the units digit of p?
1
Let a(t) = -2*t**2 + 2*t + 2. Let m be a(0). Suppose 5*h - 13*q + 9*q - 4822 = 0, 0 = -5*h - m*q + 4804. What is the units digit of h?
2
Suppose -4*b + 30469 = 5*z, 38085 = 5*b + 78*z - 73*z. What is the hundreds digit of b?
6
Suppose 0 = -2*g - 2*n + 52034, -5*n = -39*g + 36*g + 78035. What is the units digit of g?
5
Suppose -13*j + 6240 + 2964 = 0. Let x = 1144 - j. What is the hundreds digit of x?
4
Let i = -13961 - -24977. What is the tens digit of i?
1
Let u be 4/10*(6 - 16). What is the tens digit of 4585/15 + u/6 - 3?
0
Suppose 0 = -30*u - 98948 + 309098. What is the units digit of u?
5
What is the thousands digit of (20/70 + (-9)/7)*-32336?
2
Let p be 4 + (-2 - 1 - -4). Suppose 218 = -p*x + 3*x. What is the tens digit of -1 - x - ((-6 - -9) + 0)?
0
Let i = -32 - -42. Suppose i*u - 249 - 161 = 0. Suppose 0 = -u*a + 45*a - 256. What is the units digit of a?
4
Suppose 0 = -13*f - 2403 + 29573. What is the thousands digit of f?
2
Suppose -p + 483 = 5*y - 3320, -p = -y - 3791. Suppose 0 = -4*a - 513 + p. What is the units digit of a?
0
Let i = -614 - -1003. Let q = -838 + 563. Let b = i + q. What is the tens digit of b?
1
Suppose 5*